0*w. Determine o(-50).
0
Let r(f) = f**2 + 6*f. Give r(-6).
0
Let b(u) = -2*u. Give b(2).
-4
Let r(v) = -v**3 + 7*v**2 + v + 3. Calculate r(5).
58
Let o(w) = 5*w - 19. What is o(5)?
6
Let q(m) = 7*m. Determine q(-3).
-21
Let t(p) = -5*p - 4. What is t(-3)?
11
Let y(r) = r**3 - 10*r**2 + 12*r + 12. Determine y(9).
39
Let v(m) = -m**2 - 31*m - 238. What is v(-12)?
-10
Let j(f) = -4*f - 9. What is j(-3)?
3
Let n(m) = -m**2 + 11*m - 19. What is n(6)?
11
Let f(a) = -3*a + 47. Give f(5).
32
Let h(t) = -t**2 + 28*t - 52. Give h(26).
0
Let u(v) = 2*v**2 + 7*v - 5. What is u(-6)?
25
Let t(d) = 2*d**3 - 20*d**2 + 19*d - 7. What is t(9)?
2
Let h(n) = -n**2 - n + 9. What is h(3)?
-3
Let t(p) = -2*p + 15. What is t(13)?
-11
Let j(z) = 24*z - 278. Calculate j(12).
10
Let b(l) = -l**2 - 2*l - 2. What is b(3)?
-17
Let p(x) = 6*x + 60. What is p(-11)?
-6
Let w(o) = 8*o - 44. Determine w(5).
-4
Let r(n) = -2*n**2 - 59*n + 167. Give r(-32).
7
Let b(l) = -l**2 + 13*l - 16. Determine b(11).
6
Let s(z) = 9*z**2 - 2*z - 1. Calculate s(-2).
39
Let j(z) = -z**3 + 12*z**2 + 22. Give j(12).
22
Let g(k) = -k**2 + 8*k + 5. Give g(-5).
-60
Let s(l) = -6*l**2 - 2*l + 1. Determine s(-2).
-19
Let a(n) = 7*n - 23. Give a(12).
61
Let m(l) = l + 62. Give m(0).
62
Let s(z) = -z**3 + 5*z**2 - z - 4. Calculate s(5).
-9
Let x(q) = q**2 + 18*q + 80. Calculate x(-5).
15
Let c(z) = -z**3 - 8*z**2 - 6*z + 8. Calculate c(-7).
1
Let i(y) = y**3 + 13*y**2 - 70*y - 49. Give i(-17).
-15
Let x(z) = 3*z**2 + 1. Calculate x(3).
28
Let q(s) = -4*s**2 - 41*s + 12. Give q(-10).
22
Let o(f) = -2*f + 15. What is o(12)?
-9
Let g(z) = 3*z + 32. What is g(-8)?
8
Let h(t) = 6*t - 9. Calculate h(7).
33
Let h(d) = d**3 - 18*d**2 - 4*d - 11. What is h(18)?
-83
Let y(w) = -16*w**3 + w**2 - w. Give y(1).
-16
Let r(u) = -2*u**2 - 3*u - 7. Give r(-8).
-111
Let i(k) = -2*k + 4. Calculate i(5).
-6
Let q(k) = 3*k - 11. What is q(10)?
19
Let j(g) = 17*g - 3. Calculate j(2).
31
Let n(o) = o**2 + 16*o + 41. Give n(-14).
13
Let a(g) = g**2 + 6*g + 15. Give a(-3).
6
Let j(p) = -p**2 + 8*p + 9. Give j(9).
0
Let w(q) = q + 10. Give w(-10).
0
Let d(v) = -10*v - 31. Determine d(-5).
19
Let s(a) = -a**3 - 6*a**2 - 5*a + 2. Give s(-5).
2
Let g(o) = -5*o + 22. Determine g(7).
-13
Let k(n) = 6*n + 5. What is k(-5)?
-25
Let y(r) = -r**2 - 4*r + 27. Calculate y(0).
27
Let q(c) = 3*c - 10. Calculate q(7).
11
Let f(t) = -t**2 - 11*t - 24. Determine f(-7).
4
Let k(x) = -x**3 + 19*x**2 - 44*x - 63. What is k(16)?
1
Let x(q) = -q**3 - q**2 + 72*q + 5. What is x(-9)?
5
Let k(a) = -a**3 - 13*a**2 - 14*a - 71. Determine k(-12).
-47
Let r(k) = -33*k + 72. Give r(2).
6
Let g(l) = l + 13. Give g(-11).
2
Let t(h) = -h**3 + 4*h**2 + 5*h + 1. Calculate t(5).
1
Let r(c) = 6*c**2 + 13. Calculate r(4).
109
Let s(w) = w + 9. Calculate s(-16).
-7
Let p(q) = q**2 - 21*q + 119. Calculate p(13).
15
Let c(p) = 2*p**2 + 11*p - 35. Calculate c(-8).
5
Let k(q) = -31*q - 25. Determine k(-1).
6
Let k(v) = 16*v - 35. Give k(5).
45
Let x(i) = -2*i**3 - 52*i**2 - 51*i - 12. What is x(-25)?
13
Let r(g) = 2*g**2 - 6*g + 5. Calculate r(4).
13
Let o(p) = -3*p + 4. Calculate o(4).
-8
Let y(s) = 4*s**2 - 13*s + 9. Give y(3).
6
Let r(u) = -2*u**3 + u**2 - 4*u. Calculate r(0).
0
Let c(q) = -q**3 + 9*q**2 + 19*q + 4. Determine c(11).
-29
Let o(t) = -t**2 + 15*t + 43. What is o(-3)?
-11
Let j(w) = -w**3 + 15*w**2 - 14*w + 8. Calculate j(14).
8
Let n(z) = z**2 + 14*z + 12. Calculate n(-6).
-36
Let w(q) = -q**2 + 2. Determine w(-3).
-7
Let o(d) = d**2 - 5*d - 71. Give o(11).
-5
Let f(m) = 9*m - 3. Calculate f(1).
6
Let d(k) = -k**3 + 6*k**2 - 6*k + 9. Determine d(6).
-27
Let y(n) = n**3 - 11*n**2 + 6. Determine y(11).
6
Let c(u) = -u**2 - 22*u - 44. Calculate c(-20).
-4
Let j(t) = -t**3 - 4*t**2 - 2*t + 7. What is j(-3)?
4
Let h(z) = -z**2 - 2*z - 4. Give h(-4).
-12
Let v(p) = 4*p - 29. Determine v(18).
43
Let p(w) = -w**3 + w**2 - 3*w + 4. Calculate p(2).
-6
Let r(q) = q**3 - 7*q**2 + 7*q - 1. Give r(6).
5
Let y(d) = -5*d**2 + 5*d + 4. What is y(-1)?
-6
Let y(s) = -s**2 - 16*s - 61. Calculate y(-11).
-6
Let b(j) = 2*j + 11. Determine b(18).
47
Let o(n) = -12*n - 279. What is o(-25)?
21
Let b(g) = -2*g - 26. Give b(3).
-32
Let f(w) = -w**3 + 8*w**2 - 12*w - 2. Give f(6).
-2
Let y(v) = v**2 + 13*v - 54. Determine y(-16).
-6
Let c(z) = z - 7. Determine c(4).
-3
Let r(n) = -7*n + 36. Determine r(8).
-20
Let u(m) = -m**2 - 17*m + 58. Determine u(-19).
20
Let d(l) = -4*l**2 + 46*l - 89. Give d(2).
-13
Let o(r) = r**3 - r**2 - 15*r + 6. Determine o(4).
-6
Let b(h) = -79*h**3 + h**2 + 2*h + 1. Give b(-1).
79
Let m(l) = l**2 - l - 35. Calculate m(-5).
-5
Let m(k) = -k + 10. Determine m(10).
0
Let a(g) = 20*g + 423. Give a(-21).
3
Let a(q) = -q**3 + 4*q**2 + 43*q + 7. Determine a(-5).
17
Let g(k) = 39*k - 187. What is g(5)?
8
Let g(z) = z**3 - 5*z**2 + 3*z + 1. What is g(5)?
16
Let k(g) = -g**3 + 24*g**2 + 25*g - 4. Determine k(25).
-4
Let f(z) = 5*z - 3. Determine f(7).
32
Let n(w) = -w**3 + 45*w**2 + 46*w - 25. Calculate n(46).
-25
Let y(h) = h**3 + 8*h**2 + 10*h + 10. What is y(-7)?
-11
Let f(d) = -d**3 - 3*d**2 + 3*d + 2. What is f(-4)?
6
Let m(x) = -x**2 - 4*x - 8. Calculate m(-5).
-13
Let s(o) = 4*o - 1. Give s(-2).
-9
Let w(s) = -s**2 + 15*s + 13. Determine w(11).
57
Let m(l) = -5*l - 14. Give m(-3).
1
Let i(y) = -6*y + 38. What is i(5)?
8
Let q(p) = p**3 + 3*p**2 + 4*p + 8. Give q(-3).
-4
Let z(q) = 2*q - 24. Calculate z(10).
-4
Let j(r) = -r**3 - 26*r**2 + 29*r - 14. Calculate j(-27).
-68
Let t(u) = -2*u - 22. What is t(19)?
-60
Let l(r) = 4*r**2 + 118*r + 170. Determine l(-28).
2
Let h(s) = 8*s**2 - 2*s + 11. Calculate h(4).
131
Let t(z) = -2*z**2 + 3*z + 23. What is t(-11)?
-252
Let i(q) = 12*q - 16. What is i(7)?
68
Let o(a) = -4*a**3 - 2*a**2 + 2*a + 4. What is o(-1)?
4
Let t(r) = -r**3 - 16*r**2 - 7*r - 19. What is t(-16)?
93
Let r(y) = y**3 - 6*y**2 - 3*y - 25. Give r(8).
79
Let j(l) = l**3 - 7*l**2 - 3*l + 23. What is j(7)?
2
Let y(q) = q**3 - 8*q**2 - 3*q + 2. Determine y(8).
-22
Let c(o) = o**2 - 5. What is c(-4)?
11
Let o(w) = -w**3 + 2*w**2 + 9*w. Calculate o(4).
4
Let i(j) = 9*j - 123. Give i(13).
-6
Let k(b) = 3*b**3 - 2*b**2 - 2*b + 3. Give k(2).
15
Let y(n) = 3*n + 79. What is y(-28)?
-5
Let m(y) = -12*y + 4. What is m(0)?
4
Let b(d) = d**2 + 27*d - 8. What is b(0)?
-8
Let w(c) = -2*c**3 + 17*c**2 + 14*c - 44. Calculate w(9).
1
Let v(j) = -19*j + 84. Give v(5).
-11
Let n(l) = -l**3 - 7*l**2 + 17*l + 24. What is n(-9)?
33
Let b(r) = -32*r**2 + 2*r + 3. Give b(-1).
-31
Let k(f) = -f**2 + 2*f + 3. Give k(3).
0
Let p(y) = -7*y**2 - y - 1. Give p(-2).
-27
Let s(z) = -2*z**2 + 2*z + 6. Calculate s(-4).
-34
Let r(z) = 4*z + 11. Calculate r(-7).
-17
Let y(w) = -2*w - 3. Give y(-2).
1
Let v(l) = -33*l + 95. Determine v(4).
-37
Let g(p) = -p**3 + 11*p**2 + 10*p - 15. What is g(12)?
-39
Let n(g) = -g**2 + 3*g + 51. What is n(8)?
11
Let q(m) = -m**2 + 50*m - 136. What is q(47)?
5
Let s(m) = -3*m - 8. Give s(7).
-29
Let x(y) = -3*y - 3. Calculate x(4).
-15
Let b(p) = -p**3 - 42*p**2 - 42*p - 79. Give b(-41).
-38
Let d(f) = 13*f + 49. Calculate d(-4).
-3
Let p(s) = s**2 + 14*s + 11. Determine p(-11).
-22
Let i(f) = 46*f - 292. What is i(6)?
-16
Let z(r) = -r**3 + 14*r**2 - 31*r + 27. What is z(12)?
-57
Let m(k) = -4*k**3 + 3*k**2 - k + 2. Calculate m(2).
-20
Let c(u) = -47*u + 2. Determine c(-2).
96
Let y(r) = -15*r**3 - r**2 - 2*r - 2. Determine y(-1).
14
Let f(z) = z**3 - 2*z**2 + 6*z - 5. Determine f(4).
51
Let i(f) = 80*f - 489. Give i(6).
-9
Let j(y) = -2*y**3 - 2*y**2 + 2*y - 2. What is j(0)?
-2
Let r(m) = -2*m - 26. What is r(-11)?
-4
Let k(w) = -40*w**3 + 2*w**2 + w. Give k(-1).
41
Let a(d) = 8*d + 11. What is a(9)?
83
Let l(p) = -15*p - 9. What is l(4)?
-69
Let b(j) = 45*j + 140. What is b(-3)?
5
Let j(p) = -p**2 - 2*p + 8. What is j(4)?
-16
Let y(n) = 6*n + 32. Determine y(-7).
-10
Let u(k) = 5*k + 6. Calculate u(2).
16
Let o(p) = 5*p**3 - 4*p**2 + 3*p - 2. Give o(2).
28
Let m(w) = -w**2 + 80. Give m(9).
-1
Let m(q) = 12*q**2 + q. Give m(2).
50
Let w(d) = -d**3 - 10*d**2 - 27*d - 5. Determine w(-5).
5
Let t(v) = v**3 + 6*v**2 - 10*v + 9. Give t(-8).
-39
Let r(k) = k**3 + 5*k**2 - 13*k + 14. Give r(-7).
7
Let w(b) = -22*b + 38. What is w(-9)?
236
Let i(m)